{"id":1781,"date":"2023-12-11T15:24:51","date_gmt":"2023-12-11T14:24:51","guid":{"rendered":"https:\/\/blockfl\u00f6te-berlin.de\/home\/?page_id=1781"},"modified":"2023-12-12T11:48:44","modified_gmt":"2023-12-12T10:48:44","slug":"ueber-mich","status":"publish","type":"page","link":"https:\/\/blockfl\u00f6te-berlin.de\/home\/ueber-mich\/","title":{"rendered":"\u00dcber mich"},"content":{"rendered":"<div class=\"\" style=\"\" >\n    \n    <section class=\"u-clearfix u-image u-section-2\" id=\"sec-fc97\" data-image-width=\"1697\" data-image-height=\"2048\" style=\"background-image: url(&quot;https:\/\/blockfl\u00f6te-berlin.de\/wp-content\/uploads\/2023\/12\/IMG_3497-1697x2048-1.jpg&quot;);\">\n      <div class=\"u-clearfix u-sheet u-sheet-1\"><\/div>\n    <\/section>\n    <section class=\"u-align-center u-clearfix u-palette-1-light-2 u-section-3\" id=\"sec-bcdf\">\n      <div class=\"u-clearfix u-sheet u-sheet-1\">\n        <h1 class=\"u-text u-text-1\">\u00dcber mich<\/h1>\n        <div class=\"u-border-3 u-border-grey-dark-1 u-line u-line-horizontal u-line-1\"><\/div>\n        <p class=\"u-custom-font u-text u-text-2\"> Dass Blockfl\u00f6te weit mehr als ein langweiliges Anf\u00e4ngerinstrument ist, welches schnellstm\u00f6glich durch ein \u201erichtiges\u201c Instrument ersetzt werden sollte, habe ich seit meinem ersten eigenen Blockfl\u00f6tenunterricht \u00fcber die Jahre hinweg durch und durch erfahren.<br>\n          <br>So habe ich ein komplettes Musikstudium mit Blockfl\u00f6te als Hauptfach abgeschlossen (p\u00e4dagogisches Diplom, Universit\u00e4t der K\u00fcnste Berlin, 2009) und setzte sogar noch ein Aufbaustudium obendrauf (k\u00fcnstlerisches Diplom, Universit\u00e4t der K\u00fcnste Berlin, 2011).<br>\n          <br>Doch auch die Lehrerseite im Unterrichtsgeschehen durfte ich \u00fcber all die Jahre kennenlernen durch meine T\u00e4tigkeit an verschiedenen privaten Musikschulen in Berlin und Potsdam sowie einigen Grundschulen und Bezirksmusikschulen im Land Berlin.<br>\n          <br>Meine Sch\u00fcler sind im Alter von 5 \u2013 80 Jahren und jede Altersstufe hat etwas f\u00fcr sich. Wenn sich die M\u00f6glichkeit ergibt, zus\u00e4tzlich zum Einzelunterricht im Duo, Trio oder Quartett zu spielen, macht der Blockfl\u00f6tenunterricht allen Beteiligten gleich noch mehr Spa\u00df.<br>\n          <br>Alles in allem ist es mein Ziel, meinen Sch\u00fcler jede Menge Freude und viele eingehende musikalische Erlebnisse \u00fcber die Lernbegleitung zu vermittelt.\n        <\/p>\n      <\/div>\n    <\/section>\n    <section class=\"u-clearfix u-container-align-center u-image u-section-4\" id=\"sec-9de9\" data-image-width=\"1288\" data-image-height=\"2048\" style=\"background-image: url(&quot;https:\/\/blockfl\u00f6te-berlin.de\/wp-content\/uploads\/2023\/12\/IMG_3491-1-1288x2048-2.jpg&quot;);\">\n      <div class=\"u-clearfix u-sheet u-sheet-1\"><\/div>\n    <\/section>\n    \n    \n    \n    \n  \n<\/div>","protected":false},"excerpt":{"rendered":"<p>\u00dcber mich Dass Blockfl\u00f6te weit mehr als ein langweiliges Anf\u00e4ngerinstrument ist, welches schnellstm\u00f6glich durch ein \u201erichtiges\u201c Instrument ersetzt werden sollte, habe ich seit meinem ersten eigenen Blockfl\u00f6tenunterricht \u00fcber die Jahre hinweg durch und durch erfahren. So habe ich ein komplettes Musikstudium mit Blockfl\u00f6te als Hauptfach abgeschlossen (p\u00e4dagogisches Diplom, Universit\u00e4t der K\u00fcnste Berlin, 2009) und setzte &hellip;<\/p>\n<p class=\"read-more\"> <a class=\"\" href=\"https:\/\/blockfl\u00f6te-berlin.de\/home\/ueber-mich\/\"> <span class=\"screen-reader-text\">\u00dcber mich<\/span> Weiterlesen &raquo;<\/a><\/p>\n","protected":false},"author":2,"featured_media":0,"parent":0,"menu_order":0,"comment_status":"closed","ping_status":"closed","template":"","meta":{"_uag_custom_page_level_css":"","site-sidebar-layout":"default","site-content-layout":"","ast-site-content-layout":"default","site-content-style":"default","site-sidebar-style":"default","ast-global-header-display":"","ast-banner-title-visibility":"","ast-main-header-display":"","ast-hfb-above-header-display":"","ast-hfb-below-header-display":"","ast-hfb-mobile-header-display":"","site-post-title":"","ast-breadcrumbs-content":"","ast-featured-img":"","footer-sml-layout":"","theme-transparent-header-meta":"","adv-header-id-meta":"","stick-header-meta":"","header-above-stick-meta":"","header-main-stick-meta":"","header-below-stick-meta":"","astra-migrate-meta-layouts":"set","footnotes":""},"class_list":["post-1781","page","type-page","status-publish","hentry"],"uagb_featured_image_src":{"full":false,"thumbnail":false,"medium":false,"medium_large":false,"large":false,"1536x1536":false,"2048x2048":false},"uagb_author_info":{"display_name":"Richard Shaw","author_link":"https:\/\/blockfl\u00f6te-berlin.de\/home\/author\/richardshaw\/"},"uagb_comment_info":0,"uagb_excerpt":"\u00dcber mich Dass Blockfl\u00f6te weit mehr als ein langweiliges Anf\u00e4ngerinstrument ist, welches schnellstm\u00f6glich durch ein \u201erichtiges\u201c Instrument ersetzt werden sollte, habe ich seit meinem ersten eigenen Blockfl\u00f6tenunterricht \u00fcber die Jahre hinweg durch und durch erfahren. So habe ich ein komplettes Musikstudium mit Blockfl\u00f6te als Hauptfach abgeschlossen (p\u00e4dagogisches Diplom, Universit\u00e4t der K\u00fcnste Berlin, 2009) und setzte&hellip;","_links":{"self":[{"href":"https:\/\/blockfl\u00f6te-berlin.de\/home\/wp-json\/wp\/v2\/pages\/1781","targetHints":{"allow":["GET"]}}],"collection":[{"href":"https:\/\/blockfl\u00f6te-berlin.de\/home\/wp-json\/wp\/v2\/pages"}],"about":[{"href":"https:\/\/blockfl\u00f6te-berlin.de\/home\/wp-json\/wp\/v2\/types\/page"}],"author":[{"embeddable":true,"href":"https:\/\/blockfl\u00f6te-berlin.de\/home\/wp-json\/wp\/v2\/users\/2"}],"replies":[{"embeddable":true,"href":"https:\/\/blockfl\u00f6te-berlin.de\/home\/wp-json\/wp\/v2\/comments?post=1781"}],"version-history":[{"count":5,"href":"https:\/\/blockfl\u00f6te-berlin.de\/home\/wp-json\/wp\/v2\/pages\/1781\/revisions"}],"predecessor-version":[{"id":1974,"href":"https:\/\/blockfl\u00f6te-berlin.de\/home\/wp-json\/wp\/v2\/pages\/1781\/revisions\/1974"}],"wp:attachment":[{"href":"https:\/\/blockfl\u00f6te-berlin.de\/home\/wp-json\/wp\/v2\/media?parent=1781"}],"curies":[{"name":"wp","href":"https:\/\/api.w.org\/{rel}","templated":true}]}}